{"id":424,"date":"2017-01-10T14:33:29","date_gmt":"2017-01-10T14:33:29","guid":{"rendered":"http:\/\/import.getbowtied.com\/shopkeeper-replica\/?page_id=424"},"modified":"2026-04-16T20:43:29","modified_gmt":"2026-04-16T18:43:29","slug":"presentation","status":"publish","type":"page","link":"https:\/\/www.magali-willems.com\/en\/presentation\/","title":{"rendered":"Presentation"},"content":{"rendered":"<p>[vc_row full_height=&#8221;yes&#8221; columns_placement=&#8221;stretch&#8221; equal_height=&#8221;yes&#8221; content_placement=&#8221;middle&#8221; columns_height=&#8221;adjust_cols_height&#8221; background_style=&#8221;normal&#8221;][vc_column css=&#8221;.vc_custom_1523450878298{background-image: url(http:\/\/www.magali-willems.com\/wp-content\/uploads\/2018\/04\/qui-suis-je.jpg?id=21277) !important;background-position: center !important;background-repeat: no-repeat !important;background-size: cover !important;}&#8221; offset=&#8221;vc_col-lg-6 vc_col-md-6&#8243;][vc_empty_space height=&#8221;350px&#8221;][\/vc_column][vc_column css=&#8221;.vc_custom_1484433918406{padding-top: 150px !important;padding-right: 16% !important;padding-bottom: 150px !important;padding-left: 16% !important;}&#8221; offset=&#8221;vc_col-lg-6 vc_col-md-6&#8243;][vc_column_text]<\/p>\n<h1 class=\"page-title on-shop\" style=\"text-align: center;\">The Artist<\/h1>\n<p>[\/vc_column_text][vc_column_text]<\/p>\n<p style=\"text-align: center;\"><span style=\"color: #808080;\">Artist Sculptor Bronzier<br \/>\n<\/span><\/p>\n<p>[\/vc_column_text][vc_separator][vc_row_inner css=&#8221;.vc_custom_1443414812412{margin-top: 45px !important;margin-bottom: 25px !important;}&#8221;][vc_column_inner width=&#8221;1\/2&#8243;][vc_column_text]Attracted by the beauty of things, admiring people who have a gift, a talent, I putted a finger at the R\u00e9union des Mus\u00e9es Nationaux in 1992 by making for this prestigious institution, stamps representing works of art that I watched from far.<\/p>\n<p>I then took other paths including the one of the communication and it is through an atypical way, during a trip in 2012, that the Art crossed again my road, passing through the small door, the one that I have always preferred.<\/p>\n<p>Seeing poor men materially speaking and so rich in the power of their hands, their souls, performing wonders with &#8220;almost nothing&#8221; \u2013 only their inner wealth \u2013 nothing in common with our consumer society, I dared to try.<br \/>\nThis is how the school of life made me discover bronze: a real passion !<br \/>\n[\/vc_column_text][\/vc_column_inner][vc_column_inner width=&#8221;1\/2&#8243;][vc_column_text]Having the chance to travel, I\u2019m pleased to share my photos with you, keeping two great ideas in mind:<\/p>\n<ul>\n<li>Our world is just sublime!<\/li>\n<li>Life is Beautiful !<\/li>\n<\/ul>\n<p>I chose to look towards the light, wanting to show you the most emotions as possible.Fine stones have entered my path recently.<\/p>\n<p>Always related to travel and discovering every day again, I chose to share with you these discoveries with a great desire to create achievements, in progress and coming up soon, full of colors. This is my promise !<\/p>\n<p><img decoding=\"async\" loading=\"lazy\" class=\"size-full wp-image-22378 aligncenter\" src=\"http:\/\/www.magali-willems.com\/wp-content\/uploads\/2018\/11\/favicon.jpg\" alt=\"\" width=\"42\" height=\"42\" srcset=\"https:\/\/www.magali-willems.com\/wp-content\/uploads\/2018\/11\/favicon.jpg 42w, https:\/\/www.magali-willems.com\/wp-content\/uploads\/2018\/11\/favicon-24x24.jpg 24w, https:\/\/www.magali-willems.com\/wp-content\/uploads\/2018\/11\/favicon-36x36.jpg 36w\" sizes=\"(max-width: 42px) 100vw, 42px\" \/>[\/vc_column_text][\/vc_column_inner][\/vc_row_inner][vc_separator][vc_column_text css=&#8221;.vc_custom_1670945328518{margin-left: 15px !important;}&#8221;]<\/p>\n<ul>\n<li>Dipl\u00f4me d\u2019Honneur avec F\u00e9licitations du Jury pour son travail \u00ab Bronzes en Couleurs \u00bb &#8211; SPAF Septembre 2016<\/li>\n<li>1er Prix de Sculpture &#8211; SPAF Bretagne Juin 2017<\/li>\n<li>Prix de Sculpture \u00e0 V\u00e9zelay &#8211; 59\u00e8me congr\u00e8s SPAF Octobre 2017<\/li>\n<li>Prix sp\u00e9cial Sculpture 2018 avec mention pour l&#8217;oeuvre &#8220;Le Myst\u00e8re&#8221; SPAF Bretagne Juin 2018<\/li>\n<li>Prix R\u00e9gion Bretagne &#8220;Fusion de la couleur et du m\u00e9tal&#8221; Sculpture &#8211;\u00a0 SPAF Septembre 2018<\/li>\n<li>Dipl\u00f4me de Participation pour son implication au sein de l&#8217;Echange Culturel Europ\u00e9en &#8211; Europe Expo &#8211; Bruges Juillet 2020<\/li>\n<li>Prix du Public 2020 pour l&#8217;oeuvre &#8220;l&#8217;Et\u00e9&#8221;- Soci\u00e9t\u00e9 des Auteurs et Artistes de France (S.A.A.F) &#8211; Octobre 2020<\/li>\n<li>Certificat d&#8217;encouragement &#8211; Luxembourg Art Prize D\u00e9cembre 2020<\/li>\n<li>Dipl\u00f4me de Participation pour son implication au sein de l&#8217;Echange Culturel Europ\u00e9en &#8211; Europe Expo &#8211; Bruges Juillet 2022<\/li>\n<li>Finaliste Palma 1.0 Artbox Projects 2022<\/li>\n<\/ul>\n<p>[\/vc_column_text][vc_row_inner css=&#8221;.vc_custom_1412679223514{margin-top: 35px !important;}&#8221;][vc_column_inner width=&#8221;1\/2&#8243;][vc_column_text]<\/p>\n<h6 style=\"text-align: left;\">CONTACT<\/h6>\n<p style=\"text-align: left;\">4, All\u00e9e des Hirondelles,<br \/>\n56890 Meucon,<br \/>\nFrance<\/p>\n<p style=\"text-align: left;\">Phone: +33 (0)6 32 21 56 56<br \/>\nEmail: <a href=\"mailto:contact@magali-willems.com\" target=\"_blank\" rel=\"noopener noreferrer\">contact@magali-willems.com<\/a><\/p>\n<p>[\/vc_column_text][\/vc_column_inner][\/vc_row_inner][\/vc_column][\/vc_row]<\/p>","protected":false},"excerpt":{"rendered":"<p>[vc_row full_height=&#8221;yes&#8221; columns_placement=&#8221;stretch&#8221; equal_height=&#8221;yes&#8221; content_placement=&#8221;middle&#8221; columns_height=&#8221;adjust_cols_height&#8221; background_style=&#8221;normal&#8221;][vc_column css=&#8221;.vc_custom_1523450878298{background-image: url(http:\/\/www.magali-willems.com\/wp-content\/uploads\/2018\/04\/qui-suis-je.jpg?id=21277) !important;background-position: center !important;background-repeat: no-repeat !important;background-size: cover !important;}&#8221; offset=&#8221;vc_col-lg-6 vc_col-md-6&#8243;][vc_empty_space height=&#8221;350px&#8221;][\/vc_column][vc_column css=&#8221;.vc_custom_1484433918406{padding-top: 150px !important;padding-right: 16% !important;padding-bottom: 150px !important;padding-left: 16% !important;}&#8221; offset=&#8221;vc_col-lg-6 vc_col-md-6&#8243;][vc_column_text] The Artist [\/vc_column_text][vc_column_text] Artist Sculptor Bronzier [\/vc_column_text][vc_separator][vc_row_inner css=&#8221;.vc_custom_1443414812412{margin-top: 45px !important;margin-bottom: 25px !important;}&#8221;][vc_column_inner width=&#8221;1\/2&#8243;][vc_column_text]Attracted by the beauty of things, admiring people who have a gift, a [&hellip;]<\/p>\n","protected":false},"author":3665,"featured_media":0,"parent":0,"menu_order":0,"comment_status":"closed","ping_status":"closed","template":"page-full-width.php","meta":{"_exactmetrics_skip_tracking":false,"_exactmetrics_sitenote_active":false,"_exactmetrics_sitenote_note":"","_exactmetrics_sitenote_category":0,"_vp_format_video_url":"","_vp_image_focal_point":[]},"aioseo_notices":[],"_links":{"self":[{"href":"https:\/\/www.magali-willems.com\/en\/wp-json\/wp\/v2\/pages\/424"}],"collection":[{"href":"https:\/\/www.magali-willems.com\/en\/wp-json\/wp\/v2\/pages"}],"about":[{"href":"https:\/\/www.magali-willems.com\/en\/wp-json\/wp\/v2\/types\/page"}],"author":[{"embeddable":true,"href":"https:\/\/www.magali-willems.com\/en\/wp-json\/wp\/v2\/users\/3665"}],"replies":[{"embeddable":true,"href":"https:\/\/www.magali-willems.com\/en\/wp-json\/wp\/v2\/comments?post=424"}],"version-history":[{"count":102,"href":"https:\/\/www.magali-willems.com\/en\/wp-json\/wp\/v2\/pages\/424\/revisions"}],"predecessor-version":[{"id":24982,"href":"https:\/\/www.magali-willems.com\/en\/wp-json\/wp\/v2\/pages\/424\/revisions\/24982"}],"wp:attachment":[{"href":"https:\/\/www.magali-willems.com\/en\/wp-json\/wp\/v2\/media?parent=424"}],"curies":[{"name":"wp","href":"https:\/\/api.w.org\/{rel}","templated":true}]}}

<p>[vc_row full_height=&#8221;yes&#8221; columns_placement=&#8221;stretch&#8221; equal_height=&#8221;yes&#8221; content_placement=&#8221;middle&#8221; columns_height=&#8221;adjust_cols_height&#8221; background_style=&#8221;normal&#8221;][vc_column css=&#8221;.vc_custom_1523450878298{background-image: url(http://www.magali-willems.com/wp-content/uploads/2018/04/qui-suis-je.jpg?id=21277) !important;background-position: center !important;background-repeat: no-repeat !important;background-size: cover !important;}&#8221; offset=&#8221;vc_col-lg-6 vc_col-md-6&#8243;][vc_empty_space height=&#8221;350px&#8221;][/vc_column][vc_column css=&#8221;.vc_custom_1484433918406{padding-top: 150px !important;padding-right: 16% !important;padding-bottom: 150px !important;padding-left: 16% !important;}&#8221; offset=&#8221;vc_col-lg-6 vc_col-md-6&#8243;][vc_column_text]</p>
<h1 class="page-title on-shop" style="text-align: center;">The Artist</h1>
<p>[/vc_column_text][vc_column_text]</p>
<p style="text-align: center;"><span style="color: #808080;">Artist Sculptor Bronzier<br />
</span></p>
<p>[/vc_column_text][vc_separator][vc_row_inner css=&#8221;.vc_custom_1443414812412{margin-top: 45px !important;margin-bottom: 25px !important;}&#8221;][vc_column_inner width=&#8221;1/2&#8243;][vc_column_text]Attracted by the beauty of things, admiring people who have a gift, a talent, I putted a finger at the Réunion des Musées Nationaux in 1992 by making for this prestigious institution, stamps representing works of art that I watched from far.</p>
<p>I then took other paths including the one of the communication and it is through an atypical way, during a trip in 2012, that the Art crossed again my road, passing through the small door, the one that I have always preferred.</p>
<p>Seeing poor men materially speaking and so rich in the power of their hands, their souls, performing wonders with &#8220;almost nothing&#8221; – only their inner wealth – nothing in common with our consumer society, I dared to try.<br />
This is how the school of life made me discover bronze: a real passion !<br />
[/vc_column_text][/vc_column_inner][vc_column_inner width=&#8221;1/2&#8243;][vc_column_text]Having the chance to travel, I’m pleased to share my photos with you, keeping two great ideas in mind:</p>
<ul>
<li>Our world is just sublime!</li>
<li>Life is Beautiful !</li>
</ul>
<p>I chose to look towards the light, wanting to show you the most emotions as possible.Fine stones have entered my path recently.</p>
<p>Always related to travel and discovering every day again, I chose to share with you these discoveries with a great desire to create achievements, in progress and coming up soon, full of colors. This is my promise !</p>
<p><img decoding="async" loading="lazy" class="size-full wp-image-22378 aligncenter" src="http://www.magali-willems.com/wp-content/uploads/2018/11/favicon.jpg" alt="" width="42" height="42" srcset="https://www.magali-willems.com/wp-content/uploads/2018/11/favicon.jpg 42w, https://www.magali-willems.com/wp-content/uploads/2018/11/favicon-24x24.jpg 24w, https://www.magali-willems.com/wp-content/uploads/2018/11/favicon-36x36.jpg 36w" sizes="(max-width: 42px) 100vw, 42px" />[/vc_column_text][/vc_column_inner][/vc_row_inner][vc_separator][vc_column_text css=&#8221;.vc_custom_1670945328518{margin-left: 15px !important;}&#8221;]</p>
<ul>
<li>Diplôme d’Honneur avec Félicitations du Jury pour son travail « Bronzes en Couleurs » &#8211; SPAF Septembre 2016</li>
<li>1er Prix de Sculpture &#8211; SPAF Bretagne Juin 2017</li>
<li>Prix de Sculpture à Vézelay &#8211; 59ème congrès SPAF Octobre 2017</li>
<li>Prix spécial Sculpture 2018 avec mention pour l&#8217;oeuvre &#8220;Le Mystère&#8221; SPAF Bretagne Juin 2018</li>
<li>Prix Région Bretagne &#8220;Fusion de la couleur et du métal&#8221; Sculpture &#8211;  SPAF Septembre 2018</li>
<li>Diplôme de Participation pour son implication au sein de l&#8217;Echange Culturel Européen &#8211; Europe Expo &#8211; Bruges Juillet 2020</li>
<li>Prix du Public 2020 pour l&#8217;oeuvre &#8220;l&#8217;Eté&#8221;- Société des Auteurs et Artistes de France (S.A.A.F) &#8211; Octobre 2020</li>
<li>Certificat d&#8217;encouragement &#8211; Luxembourg Art Prize Décembre 2020</li>
<li>Diplôme de Participation pour son implication au sein de l&#8217;Echange Culturel Européen &#8211; Europe Expo &#8211; Bruges Juillet 2022</li>
<li>Finaliste Palma 1.0 Artbox Projects 2022</li>
</ul>
<p>[/vc_column_text][vc_row_inner css=&#8221;.vc_custom_1412679223514{margin-top: 35px !important;}&#8221;][vc_column_inner width=&#8221;1/2&#8243;][vc_column_text]</p>
<h6 style="text-align: left;">CONTACT</h6>
<p style="text-align: left;">4, Allée des Hirondelles,<br />
56890 Meucon,<br />
France</p>
<p style="text-align: left;">Phone: +33 (0)6 32 21 56 56<br />
Email: <a href="mailto:contact@magali-willems.com" target="_blank" rel="noopener noreferrer">contact@magali-willems.com</a></p>
<p>[/vc_column_text][/vc_column_inner][/vc_row_inner][/vc_column][/vc_row]</p>
